digit of 387083512?
2
What is the units digit of 6634338?
8
What is the thousands digit of 2771873556?
3
What is the ten thousands digit of 15613598?
1
What is the hundreds digit of 7331783618?
6
What is the millions digit of 139582852?
9
What is the millions digit of 3169655504?
9
What is the hundreds digit of 862629653?
6
What is the millions digit of 127451768?
7
What is the units digit of 1447600048?
8
What is the hundred thousands digit of 2106640736?
6
What is the millions digit of 250213651?
0
What is the ten millions digit of 2263269674?
6
What is the millions digit of 1578359327?
8
What is the tens digit of 16240462?
6
What is the hundred thousands digit of 708018328?
0
What is the hundred thousands digit of 11123992?
1
What is the ten millions digit of 42469645?
4
What is the hundred millions digit of 5692018660?
6
What is the ten millions digit of 149685383?
4
What is the hundred thousands digit of 54538500?
5
What is the ten millions digit of 62727573?
6
What is the hundreds digit of 7205889624?
6
What is the ten millions digit of 139408546?
3
What is the units digit of 187858521?
1
What is the hundred millions digit of 640257532?
6
What is the hundreds digit of 38444144?
1
What is the ten millions digit of 575871416?
7
What is the hundreds digit of 24831664?
6
What is the hundred millions digit of 735533126?
7
What is the units digit of 419214629?
9
What is the ten thousands digit of 29062327?
6
What is the hundred thousands digit of 32882427?
8
What is the tens digit of 224982578?
7
What is the billions digit of 1823263148?
1
What is the ten millions digit of 18866708?
1
What is the tens digit of 81893691?
9
What is the millions digit of 61008982?
1
What is the hundred millions digit of 1567902496?
5
What is the millions digit of 1365914087?
5
What is the thousands digit of 4371848524?
8
What is the hundred thousands digit of 952548448?
5
What is the ten millions digit of 58419729?
5
What is the millions digit of 2670803003?
0
What is the millions digit of 898265970?
8
What is the tens digit of 163737548?
4
What is the thousands digit of 8931378?
1
What is the tens digit of 166243089?
8
What is the ten thousands digit of 196616234?
1
What is the billions digit of 1094511847?
1
What is the units digit of 52190157?
7
What is the ten thousands digit of 35818418?
1
What is the ten thousands digit of 174917098?
1
What is the ten thousands digit of 2268877449?
7
What is the millions digit of 994651105?
4
What is the thousands digit of 42958608?
8
What is the thousands digit of 182703?
2
What is the thousands digit of 508117073?
7
What is the units digit of 18849433?
3
What is the hundreds digit of 217153779?
7
What is the tens digit of 76413675?
7
What is the hundreds digit of 2337760208?
2
What is the ten thousands digit of 6697160?
9
What is the hundreds digit of 125852485?
4
What is the hundreds digit of 1243914148?
1
What is the hundred thousands digit of 1423781?
4
What is the hundreds digit of 38592788?
7
What is the thousands digit of 38036982?
6
What is the hundreds digit of 631087346?
3
What is the hundred thousands digit of 68618852?
6
What is the ten thousands digit of 970565728?
6
What is the units digit of 139530006?
6
What is the thousands digit of 7994853?
4
What is the ten thousands digit of 90208167?
0
What is the millions digit of 2114310946?
4
What is the hundred thousands digit of 3364977909?
9
What is the hundred millions digit of 478319158?
4
What is the units digit of 45742147?
7
What is the thousands digit of 423581051?
1
What is the thousands digit of 34746086?
6
What is the hundreds digit of 119075426?
4
What is the ten millions digit of 95341398?
9
What is the thousands digit of 23587791?
7
What is the billions digit of 1322573261?
1
What is the tens digit of 5853285?
8
What is the tens digit of 608038731?
3
What is the tens digit of 2209154900?
0
What is the hundred millions digit of 126341804?
1
What is the millions digit of 6449609981?
9
What is the millions digit of 192572816?
2
What is the thousands digit of 772239148?
9
What is the thousands digit of 9114329314?
9
What is the hundreds digit of 280640178?
1
What is the ten millions digit of 165438233?
6
What is the thousands digit of 168796896?
6
What is the tens digit of 896237361?
6
What is the hundred thousands digit of 73204876?
2
What is the tens digit of 21448916?
1
What is the tens digit of 434955054?
5
What is the thousands digit of 552822659?
2
What is the hundreds digit of 362887960?
9
What is the units digit of 15744129?
9
What is the hundred thousands digit of 75187156?
1
What is the billions digit of 4189297310?
4
What is the units digit of 4209435247?
7
What is the units digit of 299595661?
1
What is the tens digit of 298883353?
5
What is the hundred millions digit of 180341257?
1
What is the ten millions digit of 57649639?
5
What is the billions digit of 2289840091?
2
What is the hundreds digit of 1767562803?
8
What is the ten thousands digit of 1551939824?
3
What is the tens digit of 1068848994?
9
What is the hundred thousands digit of 5661194164?
1
What is the ten millions digit of 71246031?
7
What is the millions digit of 98735523?
8
What is the units digit of 527754717?
7
What is the units digit of 66261179?
9
What is the ten thousands digit of 6263898976?
9
What is the millions digit of 1098328164?
8
What is the hundred thousands digit of 307481910?
4
What is the ten millions digit of 4356646007?
5
What is the hundred thousands digit of 2601572825?
5
What is the ten millions digit of 216040993?
1
What is the billions digit of 2611025425?
2
What is the millions digit of 3867051644?
7
What is the hundred millions digit of 1720870844?
7
What is the hundreds digit of 200365630?
6
What is the thousands digit of 89598010?
8
What is the ten thousands digit of 7852566?
5
What is the millions digit of 214225475?
4
What is the hundreds digit of 2609810470?
4
What is the billions digit of 4086437922?
4
What is the hundreds digit of 37673756?
7
What is the tens digit of 447841536?
3
What is the units digit of 2297130965?
5
What is the hundreds digit of 938265384?
3
What is the tens digit of 6725739211?
1
What is the ten thousands digit of 23286388?
8
What is the ten millions digit of 3084584785?
8
What is the hundred millions digit of 121943492?
1
What is the billions digit of 5425869698?
5
What is the millions digit of 148983053?
8
What is the thousands digit of 863673766?
3
What is the hundred thousands digit of 1839594269?
5
What is the ten thousands digit of 672752099?
5
What is the ten millions digit of 330541960?
3
What is the hundreds digit of 2755952424?
4
What is the tens digit of 1377217009?
0
What is the millions digit of 309636166?
9
What is the hundred thousands digit of 89812936?
8
What is the units digit of 222918523?
3
What is the ten thousands digit of 153123292?
2
What is the tens digit of 2785654982?
8
What is the millions digit of 6467861113?
7
What is the tens digit of 140463180?
8
What is the millions digit of 610942972?
0
What is the thousands digit of 142205771?
5
What is the thousands digit of 98382844?
2
What is the thousands digit of 13513525?
3
What is the billions digit of 2021859740?
2
What is the ten thousands digit of 123854845?
5
What is the hundreds digit of 92982670?
6
What is the hundred millions digit of 168985237?
1
What is the billions digit of 6997335717?
6
What is the millions digit of 83472267?
3
What is the hundred millions digit of 140463284?
1
What is the millions digit of 759074421?
9
What is the ten thousands digit of 3309112?
0
What is the hundreds digit of 74672773?
7
What is the billions digit of 5581087847?
5
What is the ten millions digit of 2300329768?
0
What is the tens digit of 1536599378?
7
What is the millions digit of 50104644?
0
What is the ten millions digit of 192001608?
9
What is the ten millions digit of 32189019?
3
What is the hundreds digit of 1059201026?
0
What is the thousands digit of 26948211?
8
What is the tens digit of 23804167?
6
What is the thousands digit of 68954100?
4
What is the units digit of 1708872954?
4
What is the thousands digit of 9488787?
8
What is the millions digit of 10218130?
0
What is the ten thousands digit of 813746642?
4
What is the units digit of 26